{"id":2218,"date":"2023-04-02T18:55:30","date_gmt":"2023-04-02T16:55:30","guid":{"rendered":"https:\/\/www.hurtowniasupport.pl\/?page_id=2218"},"modified":"2023-04-05T20:13:49","modified_gmt":"2023-04-05T18:13:49","slug":"do-pizzy","status":"publish","type":"page","link":"https:\/\/www.hurtowniasupport.pl\/?page_id=2218","title":{"rendered":"Do pizzy"},"content":{"rendered":"\t\t<div data-elementor-type=\"wp-page\" data-elementor-id=\"2218\" class=\"elementor elementor-2218\">\n\t\t\t\t\t\t<section class=\"elementor-section elementor-top-section elementor-element elementor-element-7bb15e8 elementor-section-height-min-height elementor-section-full_width elementor-section-items-top elementor-section-height-default\" data-id=\"7bb15e8\" data-element_type=\"section\" data-e-type=\"section\" data-settings=\"{&quot;background_background&quot;:&quot;classic&quot;}\">\n\t\t\t\t\t\t\t<div class=\"elementor-background-overlay\"><\/div>\n\t\t\t\t\t\t\t<div class=\"elementor-container elementor-column-gap-default\">\n\t\t\t\t\t<div class=\"elementor-column elementor-col-100 elementor-top-column elementor-element elementor-element-20f1702\" data-id=\"20f1702\" data-element_type=\"column\" data-e-type=\"column\">\n\t\t\t<div class=\"elementor-widget-wrap\">\n\t\t\t\t\t\t\t<\/div>\n\t\t<\/div>\n\t\t\t\t\t<\/div>\n\t\t<\/section>\n\t\t\t\t<section class=\"elementor-section elementor-top-section elementor-element elementor-element-e2a838c elementor-section-full_width elementor-section-content-top elementor-section-height-default elementor-section-height-default\" data-id=\"e2a838c\" data-element_type=\"section\" data-e-type=\"section\" data-settings=\"{&quot;background_background&quot;:&quot;classic&quot;}\">\n\t\t\t\t\t\t<div class=\"elementor-container elementor-column-gap-default\">\n\t\t\t\t\t<div class=\"elementor-column elementor-col-100 elementor-top-column elementor-element elementor-element-e5e9d04\" data-id=\"e5e9d04\" data-element_type=\"column\" data-e-type=\"column\">\n\t\t\t<div class=\"elementor-widget-wrap elementor-element-populated\">\n\t\t\t\t\t\t<div class=\"elementor-element elementor-element-538832a elementor-widget__width-inherit animated-fast elementor-invisible elementor-widget elementor-widget-heading\" data-id=\"538832a\" data-element_type=\"widget\" data-e-type=\"widget\" data-settings=\"{&quot;_animation&quot;:&quot;fadeInDown&quot;}\" data-widget_type=\"heading.default\">\n\t\t\t\t<div class=\"elementor-widget-container\">\n\t\t\t\t\t<h1 class=\"elementor-heading-title elementor-size-xxl\">DO PIZZY<\/h1>\t\t\t\t<\/div>\n\t\t\t\t<\/div>\n\t\t\t\t\t<\/div>\n\t\t<\/div>\n\t\t\t\t\t<\/div>\n\t\t<\/section>\n\t\t\t\t<section class=\"elementor-section elementor-top-section elementor-element elementor-element-5738774c elementor-section-boxed elementor-section-height-default elementor-section-height-default\" data-id=\"5738774c\" data-element_type=\"section\" data-e-type=\"section\" data-settings=\"{&quot;background_background&quot;:&quot;classic&quot;}\">\n\t\t\t\t\t\t<div class=\"elementor-container elementor-column-gap-wide\">\n\t\t\t\t\t<div class=\"elementor-column elementor-col-50 elementor-top-column elementor-element elementor-element-32d39b1\" data-id=\"32d39b1\" data-element_type=\"column\" data-e-type=\"column\">\n\t\t\t<div class=\"elementor-widget-wrap elementor-element-populated\">\n\t\t\t\t\t\t<div class=\"elementor-element elementor-element-760d9bc1 elementor-widget elementor-widget-image\" data-id=\"760d9bc1\" data-element_type=\"widget\" data-e-type=\"widget\" data-widget_type=\"image.default\">\n\t\t\t\t<div class=\"elementor-widget-container\">\n\t\t\t\t\t\t\t\t\t\t\t\t\t\t\t<img fetchpriority=\"high\" decoding=\"async\" width=\"1280\" height=\"1920\" src=\"https:\/\/www.hurtowniasupport.pl\/wp-content\/uploads\/2023\/04\/pizza.png\" class=\"attachment-full size-full wp-image-3148\" alt=\"\" srcset=\"https:\/\/www.hurtowniasupport.pl\/wp-content\/uploads\/2023\/04\/pizza.png 1280w, https:\/\/www.hurtowniasupport.pl\/wp-content\/uploads\/2023\/04\/pizza-200x300.png 200w, https:\/\/www.hurtowniasupport.pl\/wp-content\/uploads\/2023\/04\/pizza-683x1024.png 683w, https:\/\/www.hurtowniasupport.pl\/wp-content\/uploads\/2023\/04\/pizza-768x1152.png 768w, https:\/\/www.hurtowniasupport.pl\/wp-content\/uploads\/2023\/04\/pizza-1024x1536.png 1024w\" sizes=\"(max-width: 1280px) 100vw, 1280px\" \/>\t\t\t\t\t\t\t\t\t\t\t\t\t\t\t<\/div>\n\t\t\t\t<\/div>\n\t\t\t\t\t<\/div>\n\t\t<\/div>\n\t\t\t\t<div class=\"elementor-column elementor-col-50 elementor-top-column elementor-element elementor-element-c03ed45\" data-id=\"c03ed45\" data-element_type=\"column\" data-e-type=\"column\">\n\t\t\t<div class=\"elementor-widget-wrap elementor-element-populated\">\n\t\t\t\t\t\t<div class=\"elementor-element elementor-element-5ef9c362 elementor-widget elementor-widget-text-editor\" data-id=\"5ef9c362\" data-element_type=\"widget\" data-e-type=\"widget\" data-widget_type=\"text-editor.default\">\n\t\t\t\t<div class=\"elementor-widget-container\">\n\t\t\t\t\t\t\t\t\t<h4>M\u0105ka, to dla wtajemniczonych temat rzeka<\/h4><p>M\u0105ka pszenna typ 500 to najpopularniejsza m\u0105ka w Polsce.<\/p><p>Znajduje szerokie zastosowanie w wielu wypiekach i to o ni\u0105 pytacie najcz\u0119\u015bciej, dlatego trzymamy j\u0105 na stanie w ilo\u015bciach paletowych.<\/p><p>Niestety, jak ka\u017cdy uniwersalny produkt, ma swoje ograniczenia i niekiedy potrzebny jest produkt rzadki, specjalistyczny.<\/p><p>Popularna 500-ka Ci nie wystarcza?<\/p><p>Daj nam zna\u0107 czego potrzebujesz!<\/p><p>Jeste\u015bmy w sta\u0142ym kontakcie z wieloma producentami i dystrybutorami wyrob\u00f3w piekarniczych.<\/p><h5>Z pewno\u015bci\u0105 znajdziemy dla Ciebie to, czego potrzebujesz<\/h5>\t\t\t\t\t\t\t\t<\/div>\n\t\t\t\t<\/div>\n\t\t\t\t\t<\/div>\n\t\t<\/div>\n\t\t\t\t\t<\/div>\n\t\t<\/section>\n\t\t\t\t<section class=\"elementor-section elementor-top-section elementor-element elementor-element-3b15c973 elementor-section-boxed elementor-section-height-default elementor-section-height-default\" data-id=\"3b15c973\" data-element_type=\"section\" data-e-type=\"section\" data-settings=\"{&quot;background_background&quot;:&quot;classic&quot;}\">\n\t\t\t\t\t\t<div class=\"elementor-container elementor-column-gap-wider\">\n\t\t\t\t\t<div class=\"elementor-column elementor-col-33 elementor-top-column elementor-element elementor-element-54f18b07\" data-id=\"54f18b07\" data-element_type=\"column\" data-e-type=\"column\">\n\t\t\t<div class=\"elementor-widget-wrap elementor-element-populated\">\n\t\t\t\t\t\t<div class=\"elementor-element elementor-element-74eede2c elementor-widget elementor-widget-heading\" data-id=\"74eede2c\" data-element_type=\"widget\" data-e-type=\"widget\" data-widget_type=\"heading.default\">\n\t\t\t\t<div class=\"elementor-widget-container\">\n\t\t\t\t\t<h4 class=\"elementor-heading-title elementor-size-default\">Ser<\/h4>\t\t\t\t<\/div>\n\t\t\t\t<\/div>\n\t\t\t\t<div class=\"elementor-element elementor-element-5bd13f43 elementor-widget elementor-widget-text-editor\" data-id=\"5bd13f43\" data-element_type=\"widget\" data-e-type=\"widget\" data-widget_type=\"text-editor.default\">\n\t\t\t\t<div class=\"elementor-widget-container\">\n\t\t\t\t\t\t\t\t\t<p>Kto nie kocha tego ci\u0105gn\u0105cego si\u0119 smako\u0142yku? Bez niego pizza traci sens!<\/p><p>\u00a0<\/p><p>Mamy w ofercie wiele rodzaj\u00f3w sera. Szczeg\u00f3\u0142y w kategorii <a href=\"https:\/\/www.hurtowniasupport.pl\/?page_id=2319\"><span style=\"text-decoration: underline;\">Sery<\/span><\/a><\/p>\t\t\t\t\t\t\t\t<\/div>\n\t\t\t\t<\/div>\n\t\t\t\t\t<\/div>\n\t\t<\/div>\n\t\t\t\t<div class=\"elementor-column elementor-col-33 elementor-top-column elementor-element elementor-element-58c7edfb\" data-id=\"58c7edfb\" data-element_type=\"column\" data-e-type=\"column\">\n\t\t\t<div class=\"elementor-widget-wrap elementor-element-populated\">\n\t\t\t\t\t\t<div class=\"elementor-element elementor-element-378ccaf0 elementor-widget elementor-widget-heading\" data-id=\"378ccaf0\" data-element_type=\"widget\" data-e-type=\"widget\" data-widget_type=\"heading.default\">\n\t\t\t\t<div class=\"elementor-widget-container\">\n\t\t\t\t\t<h4 class=\"elementor-heading-title elementor-size-default\">Sos pomidorowy<\/h4>\t\t\t\t<\/div>\n\t\t\t\t<\/div>\n\t\t\t\t<div class=\"elementor-element elementor-element-215feb47 elementor-widget elementor-widget-text-editor\" data-id=\"215feb47\" data-element_type=\"widget\" data-e-type=\"widget\" data-widget_type=\"text-editor.default\">\n\t\t\t\t<div class=\"elementor-widget-container\">\n\t\t\t\t\t\t\t\t\t<p>To podstawa ka\u017cdej pizzy na r\u00f3wni z m\u0105k\u0105 i serem, a podstaw\u0105 idealnego sosu jest doskona\u0142y koncentrat lub pomidory &#8216;z puszki&#8217;. W tej kwestii mo\u017cesz na nas liczy\u0107! Mamy w ofercie odpowiedni wyb\u00f3r, aby\u015b m\u00f3g\u0142 zbudowa\u0107 sw\u00f3j sos na solidnym fundamencie<\/p>\t\t\t\t\t\t\t\t<\/div>\n\t\t\t\t<\/div>\n\t\t\t\t\t<\/div>\n\t\t<\/div>\n\t\t\t\t<div class=\"elementor-column elementor-col-33 elementor-top-column elementor-element elementor-element-53d3d1a\" data-id=\"53d3d1a\" data-element_type=\"column\" data-e-type=\"column\">\n\t\t\t<div class=\"elementor-widget-wrap elementor-element-populated\">\n\t\t\t\t\t\t<div class=\"elementor-element elementor-element-a7553cc elementor-widget elementor-widget-heading\" data-id=\"a7553cc\" data-element_type=\"widget\" data-e-type=\"widget\" data-widget_type=\"heading.default\">\n\t\t\t\t<div class=\"elementor-widget-container\">\n\t\t\t\t\t<h4 class=\"elementor-heading-title elementor-size-default\">Przyprawy<\/h4>\t\t\t\t<\/div>\n\t\t\t\t<\/div>\n\t\t\t\t<div class=\"elementor-element elementor-element-ba8b2a9 elementor-widget elementor-widget-text-editor\" data-id=\"ba8b2a9\" data-element_type=\"widget\" data-e-type=\"widget\" data-widget_type=\"text-editor.default\">\n\t\t\t\t<div class=\"elementor-widget-container\">\n\t\t\t\t\t\t\t\t\t<p>Oregano, bazylia, czosnek, chilli, tymianek, natka pietruszki i wiele, wiele wi\u0119cej&#8230; do wyboru, do koloru. Dopiero z przyprawami kuchnia nabiera smaku i zapachu! Wsp\u00f3\u0142pracujemy bezpo\u015brednio z du\u017cymi producentami przypraw, dzi\u0119ki czemu mamy dla Was du\u017cy wyb\u00f3r i konkurencyjne ceny<\/p>\t\t\t\t\t\t\t\t<\/div>\n\t\t\t\t<\/div>\n\t\t\t\t\t<\/div>\n\t\t<\/div>\n\t\t\t\t\t<\/div>\n\t\t<\/section>\n\t\t\t\t<section class=\"elementor-section elementor-top-section elementor-element elementor-element-158b2a9 elementor-section-boxed elementor-section-height-default elementor-section-height-default\" data-id=\"158b2a9\" data-element_type=\"section\" data-e-type=\"section\" data-settings=\"{&quot;background_background&quot;:&quot;classic&quot;}\">\n\t\t\t\t\t\t<div class=\"elementor-container elementor-column-gap-wider\">\n\t\t\t\t\t<div class=\"elementor-column elementor-col-33 elementor-top-column elementor-element elementor-element-aae7a0b\" data-id=\"aae7a0b\" data-element_type=\"column\" data-e-type=\"column\">\n\t\t\t<div class=\"elementor-widget-wrap elementor-element-populated\">\n\t\t\t\t\t\t<div class=\"elementor-element elementor-element-27d7d33 elementor-widget elementor-widget-heading\" data-id=\"27d7d33\" data-element_type=\"widget\" data-e-type=\"widget\" data-widget_type=\"heading.default\">\n\t\t\t\t<div class=\"elementor-widget-container\">\n\t\t\t\t\t<h4 class=\"elementor-heading-title elementor-size-default\">Warzywa konserwowe<\/h4>\t\t\t\t<\/div>\n\t\t\t\t<\/div>\n\t\t\t\t<div class=\"elementor-element elementor-element-327c4f7 elementor-widget elementor-widget-text-editor\" data-id=\"327c4f7\" data-element_type=\"widget\" data-e-type=\"widget\" data-widget_type=\"text-editor.default\">\n\t\t\t\t<div class=\"elementor-widget-container\">\n\t\t\t\t\t\t\t\t\t<p>Papryka, ananas, oliwki czarne i zielone, og\u00f3rki, kapary&#8230; \u015blinka cieknie! Znajdziesz u nas wszystko to i jeszcze wi\u0119cej<\/p>\t\t\t\t\t\t\t\t<\/div>\n\t\t\t\t<\/div>\n\t\t\t\t\t<\/div>\n\t\t<\/div>\n\t\t\t\t<div class=\"elementor-column elementor-col-33 elementor-top-column elementor-element elementor-element-0b5e863\" data-id=\"0b5e863\" data-element_type=\"column\" data-e-type=\"column\">\n\t\t\t<div class=\"elementor-widget-wrap elementor-element-populated\">\n\t\t\t\t\t\t<div class=\"elementor-element elementor-element-cd6bdbe elementor-widget elementor-widget-heading\" data-id=\"cd6bdbe\" data-element_type=\"widget\" data-e-type=\"widget\" data-widget_type=\"heading.default\">\n\t\t\t\t<div class=\"elementor-widget-container\">\n\t\t\t\t\t<h4 class=\"elementor-heading-title elementor-size-default\">W\u0119dliny<\/h4>\t\t\t\t<\/div>\n\t\t\t\t<\/div>\n\t\t\t\t<div class=\"elementor-element elementor-element-d8d2e43 elementor-widget elementor-widget-text-editor\" data-id=\"d8d2e43\" data-element_type=\"widget\" data-e-type=\"widget\" data-widget_type=\"text-editor.default\">\n\t\t\t\t<div class=\"elementor-widget-container\">\n\t\t\t\t\t\t\t\t\t<p>Rzadko kiedy boczek, salami, czy szynka smakuj\u0105 tak dobrze, jak na pizzy. Nasi klienci pomogli nam dobra\u0107 plastrowane w\u0119dliny, kt\u00f3re im odpowiadaj\u0105: doskona\u0142e w smaku, wydajne, trwa\u0142e i w \u015bwietnej cenie!<\/p>\t\t\t\t\t\t\t\t<\/div>\n\t\t\t\t<\/div>\n\t\t\t\t\t<\/div>\n\t\t<\/div>\n\t\t\t\t<div class=\"elementor-column elementor-col-33 elementor-top-column elementor-element elementor-element-4b7a32b\" data-id=\"4b7a32b\" data-element_type=\"column\" data-e-type=\"column\">\n\t\t\t<div class=\"elementor-widget-wrap elementor-element-populated\">\n\t\t\t\t\t\t<div class=\"elementor-element elementor-element-618dd5e elementor-widget elementor-widget-heading\" data-id=\"618dd5e\" data-element_type=\"widget\" data-e-type=\"widget\" data-widget_type=\"heading.default\">\n\t\t\t\t<div class=\"elementor-widget-container\">\n\t\t\t\t\t<h4 class=\"elementor-heading-title elementor-size-default\">Sosy<\/h4>\t\t\t\t<\/div>\n\t\t\t\t<\/div>\n\t\t\t\t<div class=\"elementor-element elementor-element-b3358b3 elementor-widget elementor-widget-text-editor\" data-id=\"b3358b3\" data-element_type=\"widget\" data-e-type=\"widget\" data-widget_type=\"text-editor.default\">\n\t\t\t\t<div class=\"elementor-widget-container\">\n\t\t\t\t\t\t\t\t\t<p>Tworz\u0105 smak ka\u017cdego dania. Z pewno\u015bci\u0105 znajdziemy co\u015b w sam raz dla Ciebie, bez wzgl\u0119du na to, czy potrzebujesz gotowego sosu, czy wolisz osobi\u015bcie zadba\u0107 o szczeg\u00f3\u0142y.<\/p><p>\u00a0<\/p><p>Wi\u0119cej o tym w kategorii <a href=\"https:\/\/www.hurtowniasupport.pl\/?page_id=2431\"><span style=\"text-decoration: underline;\">Sosy<\/span><\/a><\/p>\t\t\t\t\t\t\t\t<\/div>\n\t\t\t\t<\/div>\n\t\t\t\t\t<\/div>\n\t\t<\/div>\n\t\t\t\t\t<\/div>\n\t\t<\/section>\n\t\t\t\t<section class=\"elementor-section elementor-top-section elementor-element elementor-element-4c49c090 elementor-section-content-middle elementor-section-boxed elementor-section-height-default elementor-section-height-default\" data-id=\"4c49c090\" data-element_type=\"section\" data-e-type=\"section\" data-settings=\"{&quot;background_background&quot;:&quot;classic&quot;}\">\n\t\t\t\t\t\t<div class=\"elementor-container elementor-column-gap-default\">\n\t\t\t\t\t<div class=\"elementor-column elementor-col-100 elementor-top-column elementor-element elementor-element-314c46ad\" data-id=\"314c46ad\" data-element_type=\"column\" data-e-type=\"column\">\n\t\t\t<div class=\"elementor-widget-wrap elementor-element-populated\">\n\t\t\t\t\t\t<div class=\"elementor-element elementor-element-42423e88 elementor-widget elementor-widget-heading\" data-id=\"42423e88\" data-element_type=\"widget\" data-e-type=\"widget\" data-widget_type=\"heading.default\">\n\t\t\t\t<div class=\"elementor-widget-container\">\n\t\t\t\t\t<h2 class=\"elementor-heading-title elementor-size-default\">Porozmawiajmy<\/h2>\t\t\t\t<\/div>\n\t\t\t\t<\/div>\n\t\t\t\t<div class=\"elementor-element elementor-element-7f12c1b8 elementor-widget elementor-widget-text-editor\" data-id=\"7f12c1b8\" data-element_type=\"widget\" data-e-type=\"widget\" data-widget_type=\"text-editor.default\">\n\t\t\t\t<div class=\"elementor-widget-container\">\n\t\t\t\t\t\t\t\t\t<p>Masz pytania? Zawsze jeste\u015bmy gotowi do otwartej rozmowy o Twoim biznesie, nowych pomys\u0142ach, ciekawych projektach i o tym jak mo\u017cemy Ci pom\u00f3c je zrealizowa\u0107<\/p>\t\t\t\t\t\t\t\t<\/div>\n\t\t\t\t<\/div>\n\t\t\t\t<div class=\"elementor-element elementor-element-7e0621dc elementor-align-center elementor-widget elementor-widget-button\" data-id=\"7e0621dc\" data-element_type=\"widget\" data-e-type=\"widget\" data-widget_type=\"button.default\">\n\t\t\t\t<div class=\"elementor-widget-container\">\n\t\t\t\t\t\t\t\t\t<div class=\"elementor-button-wrapper\">\n\t\t\t\t\t<a class=\"elementor-button elementor-button-link elementor-size-sm elementor-animation-buzz-out\" href=\"https:\/\/www.hurtowniasupport.pl\/?page_id=16\">\n\t\t\t\t\t\t<span class=\"elementor-button-content-wrapper\">\n\t\t\t\t\t\t\t\t\t<span class=\"elementor-button-text\">Skontaktuj si\u0119 z nami<\/span>\n\t\t\t\t\t<\/span>\n\t\t\t\t\t<\/a>\n\t\t\t\t<\/div>\n\t\t\t\t\t\t\t\t<\/div>\n\t\t\t\t<\/div>\n\t\t\t\t\t<\/div>\n\t\t<\/div>\n\t\t\t\t\t<\/div>\n\t\t<\/section>\n\t\t\t\t<\/div>\n\t\t","protected":false},"excerpt":{"rendered":"<p>DO PIZZY M\u0105ka, to dla wtajemniczonych temat rzeka M\u0105ka pszenna typ 500 to najpopularniejsza m\u0105ka w Polsce. Znajduje szerokie zastosowanie w wielu wypiekach i to o ni\u0105 pytacie najcz\u0119\u015bciej, dlatego trzymamy j\u0105 na stanie w ilo\u015bciach paletowych. Niestety, jak ka\u017cdy uniwersalny produkt, ma swoje ograniczenia i niekiedy potrzebny jest produkt rzadki, specjalistyczny. Popularna 500-ka Ci &hellip;<\/p>\n<p class=\"read-more\"> <a class=\"\" href=\"https:\/\/www.hurtowniasupport.pl\/?page_id=2218\"> <span class=\"screen-reader-text\">Do pizzy<\/span> Read More &raquo;<\/a><\/p>\n","protected":false},"author":1,"featured_media":0,"parent":0,"menu_order":0,"comment_status":"closed","ping_status":"closed","template":"","meta":{"site-sidebar-layout":"no-sidebar","site-content-layout":"page-builder","ast-global-header-display":"","ast-main-header-display":"","ast-hfb-above-header-display":"","ast-hfb-below-header-display":"","ast-hfb-mobile-header-display":"","site-post-title":"disabled","ast-breadcrumbs-content":"","ast-featured-img":"disabled","footer-sml-layout":"disabled","theme-transparent-header-meta":"enabled","adv-header-id-meta":"","stick-header-meta":"","header-above-stick-meta":"","header-main-stick-meta":"","header-below-stick-meta":"","footnotes":""},"class_list":["post-2218","page","type-page","status-publish","hentry"],"_links":{"self":[{"href":"https:\/\/www.hurtowniasupport.pl\/index.php?rest_route=\/wp\/v2\/pages\/2218","targetHints":{"allow":["GET"]}}],"collection":[{"href":"https:\/\/www.hurtowniasupport.pl\/index.php?rest_route=\/wp\/v2\/pages"}],"about":[{"href":"https:\/\/www.hurtowniasupport.pl\/index.php?rest_route=\/wp\/v2\/types\/page"}],"author":[{"embeddable":true,"href":"https:\/\/www.hurtowniasupport.pl\/index.php?rest_route=\/wp\/v2\/users\/1"}],"replies":[{"embeddable":true,"href":"https:\/\/www.hurtowniasupport.pl\/index.php?rest_route=%2Fwp%2Fv2%2Fcomments&post=2218"}],"version-history":[{"count":53,"href":"https:\/\/www.hurtowniasupport.pl\/index.php?rest_route=\/wp\/v2\/pages\/2218\/revisions"}],"predecessor-version":[{"id":3760,"href":"https:\/\/www.hurtowniasupport.pl\/index.php?rest_route=\/wp\/v2\/pages\/2218\/revisions\/3760"}],"wp:attachment":[{"href":"https:\/\/www.hurtowniasupport.pl\/index.php?rest_route=%2Fwp%2Fv2%2Fmedia&parent=2218"}],"curies":[{"name":"wp","href":"https:\/\/api.w.org\/{rel}","templated":true}]}}