{"id":2173,"date":"2023-04-02T17:06:49","date_gmt":"2023-04-02T15:06:49","guid":{"rendered":"https:\/\/www.hurtowniasupport.pl\/?page_id=2173"},"modified":"2023-04-05T20:09:37","modified_gmt":"2023-04-05T18:09:37","slug":"products","status":"publish","type":"page","link":"https:\/\/www.hurtowniasupport.pl\/?page_id=2173","title":{"rendered":"Do kebaba"},"content":{"rendered":"\t\t<div data-elementor-type=\"wp-page\" data-elementor-id=\"2173\" class=\"elementor elementor-2173\">\n\t\t\t\t\t\t<section class=\"elementor-section elementor-top-section elementor-element elementor-element-9607238 elementor-section-height-min-height elementor-section-full_width elementor-section-items-top elementor-section-height-default\" data-id=\"9607238\" data-element_type=\"section\" data-e-type=\"section\" data-settings=\"{&quot;background_background&quot;:&quot;classic&quot;}\">\n\t\t\t\t\t\t\t<div class=\"elementor-background-overlay\"><\/div>\n\t\t\t\t\t\t\t<div class=\"elementor-container elementor-column-gap-default\">\n\t\t\t\t\t<div class=\"elementor-column elementor-col-100 elementor-top-column elementor-element elementor-element-d8d0c40\" data-id=\"d8d0c40\" data-element_type=\"column\" data-e-type=\"column\">\n\t\t\t<div class=\"elementor-widget-wrap\">\n\t\t\t\t\t\t\t<\/div>\n\t\t<\/div>\n\t\t\t\t\t<\/div>\n\t\t<\/section>\n\t\t\t\t<section class=\"elementor-section elementor-top-section elementor-element elementor-element-5d32896 elementor-section-full_width elementor-section-content-top elementor-section-height-default elementor-section-height-default\" data-id=\"5d32896\" data-element_type=\"section\" data-e-type=\"section\" data-settings=\"{&quot;background_background&quot;:&quot;classic&quot;}\">\n\t\t\t\t\t\t<div class=\"elementor-container elementor-column-gap-default\">\n\t\t\t\t\t<div class=\"elementor-column elementor-col-100 elementor-top-column elementor-element elementor-element-92703c4\" data-id=\"92703c4\" data-element_type=\"column\" data-e-type=\"column\">\n\t\t\t<div class=\"elementor-widget-wrap elementor-element-populated\">\n\t\t\t\t\t\t<div class=\"elementor-element elementor-element-bbe76ae elementor-widget__width-inherit animated-fast elementor-invisible elementor-widget elementor-widget-heading\" data-id=\"bbe76ae\" data-element_type=\"widget\" data-e-type=\"widget\" data-settings=\"{&quot;_animation&quot;:&quot;fadeInDown&quot;}\" data-widget_type=\"heading.default\">\n\t\t\t\t<div class=\"elementor-widget-container\">\n\t\t\t\t\t<h1 class=\"elementor-heading-title elementor-size-xxl\">DO KEBABA<\/h1>\t\t\t\t<\/div>\n\t\t\t\t<\/div>\n\t\t\t\t\t<\/div>\n\t\t<\/div>\n\t\t\t\t\t<\/div>\n\t\t<\/section>\n\t\t\t\t<section class=\"elementor-section elementor-top-section elementor-element elementor-element-9818407 elementor-section-boxed elementor-section-height-default elementor-section-height-default\" data-id=\"9818407\" data-element_type=\"section\" data-e-type=\"section\" data-settings=\"{&quot;background_background&quot;:&quot;classic&quot;}\">\n\t\t\t\t\t\t<div class=\"elementor-container elementor-column-gap-wide\">\n\t\t\t\t\t<div class=\"elementor-column elementor-col-50 elementor-top-column elementor-element elementor-element-71b5a6c3\" data-id=\"71b5a6c3\" data-element_type=\"column\" data-e-type=\"column\">\n\t\t\t<div class=\"elementor-widget-wrap elementor-element-populated\">\n\t\t\t\t\t\t<div class=\"elementor-element elementor-element-1bee5198 elementor-widget elementor-widget-image\" data-id=\"1bee5198\" data-element_type=\"widget\" data-e-type=\"widget\" data-widget_type=\"image.default\">\n\t\t\t\t<div class=\"elementor-widget-container\">\n\t\t\t\t\t\t\t\t\t\t\t\t\t\t\t<img fetchpriority=\"high\" decoding=\"async\" width=\"683\" height=\"1024\" src=\"https:\/\/www.hurtowniasupport.pl\/wp-content\/uploads\/2023\/04\/pexels-boys-in-bristol-photography-15339516-683x1024.jpg\" class=\"attachment-large size-large wp-image-2087\" alt=\"\" srcset=\"https:\/\/www.hurtowniasupport.pl\/wp-content\/uploads\/2023\/04\/pexels-boys-in-bristol-photography-15339516-683x1024.jpg 683w, https:\/\/www.hurtowniasupport.pl\/wp-content\/uploads\/2023\/04\/pexels-boys-in-bristol-photography-15339516-200x300.jpg 200w, https:\/\/www.hurtowniasupport.pl\/wp-content\/uploads\/2023\/04\/pexels-boys-in-bristol-photography-15339516-768x1152.jpg 768w, https:\/\/www.hurtowniasupport.pl\/wp-content\/uploads\/2023\/04\/pexels-boys-in-bristol-photography-15339516-1024x1536.jpg 1024w, https:\/\/www.hurtowniasupport.pl\/wp-content\/uploads\/2023\/04\/pexels-boys-in-bristol-photography-15339516.jpg 1280w\" sizes=\"(max-width: 683px) 100vw, 683px\" \/>\t\t\t\t\t\t\t\t\t\t\t\t\t\t\t<\/div>\n\t\t\t\t<\/div>\n\t\t\t\t\t<\/div>\n\t\t<\/div>\n\t\t\t\t<div class=\"elementor-column elementor-col-50 elementor-top-column elementor-element elementor-element-7f1cff0e\" data-id=\"7f1cff0e\" data-element_type=\"column\" data-e-type=\"column\">\n\t\t\t<div class=\"elementor-widget-wrap elementor-element-populated\">\n\t\t\t\t\t\t<div class=\"elementor-element elementor-element-d1d0584 elementor-widget elementor-widget-heading\" data-id=\"d1d0584\" data-element_type=\"widget\" data-e-type=\"widget\" data-widget_type=\"heading.default\">\n\t\t\t\t<div class=\"elementor-widget-container\">\n\t\t\t\t\t<h2 class=\"elementor-heading-title elementor-size-default\">Mi\u0119so kebab<\/h2>\t\t\t\t<\/div>\n\t\t\t\t<\/div>\n\t\t\t\t<div class=\"elementor-element elementor-element-1bd9f6ea elementor-widget elementor-widget-text-editor\" data-id=\"1bd9f6ea\" data-element_type=\"widget\" data-e-type=\"widget\" data-widget_type=\"text-editor.default\">\n\t\t\t\t<div class=\"elementor-widget-container\">\n\t\t\t\t\t\t\t\t\t<p>Opiekasz mi\u0119so na palniku? <span style=\"font-size: 16px;\">Kupujesz je w belkach,\u00a0kokonach,\u00a0na kiju?\u00a0<\/span><\/p><p>\u00a0<\/p><h4>Jakby\u015b ich nie nazywa\u0142, mamy je w ofercie: od 5 do 50 kg!<\/h4><p>\u00a0<\/p><p>Znajdziesz u nas mi\u0119so kebab <strong>z kurczaka (udo, filet, udo z filetem), wo\u0142owo-indycze, wo\u0142owo-baranie<\/strong> i inne.<\/p><p>\u00a0<\/p><h5>U\u017cywasz mi\u0119sa do kebaba sporadycznie, lub brakuje Ci miejsca na palnik?<\/h5><p>\u00a0<\/p><p>Mamy te\u017c <strong>gotowe opieczone mi\u0119so<\/strong>, kt\u00f3re wystarczy podgrza\u0107. Dla chc\u0105cego, nic trudnego!<\/p>\t\t\t\t\t\t\t\t<\/div>\n\t\t\t\t<\/div>\n\t\t\t\t\t<\/div>\n\t\t<\/div>\n\t\t\t\t\t<\/div>\n\t\t<\/section>\n\t\t\t\t<section class=\"elementor-section elementor-top-section elementor-element elementor-element-62d5a300 elementor-section-boxed elementor-section-height-default elementor-section-height-default\" data-id=\"62d5a300\" data-element_type=\"section\" data-e-type=\"section\" data-settings=\"{&quot;background_background&quot;:&quot;classic&quot;}\">\n\t\t\t\t\t\t<div class=\"elementor-container elementor-column-gap-wider\">\n\t\t\t\t\t<div class=\"elementor-column elementor-col-50 elementor-top-column elementor-element elementor-element-55561c5\" data-id=\"55561c5\" data-element_type=\"column\" data-e-type=\"column\">\n\t\t\t<div class=\"elementor-widget-wrap elementor-element-populated\">\n\t\t\t\t\t\t<div class=\"elementor-element elementor-element-6385242a elementor-widget elementor-widget-heading\" data-id=\"6385242a\" data-element_type=\"widget\" data-e-type=\"widget\" data-widget_type=\"heading.default\">\n\t\t\t\t<div class=\"elementor-widget-container\">\n\t\t\t\t\t<h4 class=\"elementor-heading-title elementor-size-default\">Pieczywa do kebaba<\/h4>\t\t\t\t<\/div>\n\t\t\t\t<\/div>\n\t\t\t\t<div class=\"elementor-element elementor-element-f7f7764 elementor-widget elementor-widget-text-editor\" data-id=\"f7f7764\" data-element_type=\"widget\" data-e-type=\"widget\" data-widget_type=\"text-editor.default\">\n\t\t\t\t<div class=\"elementor-widget-container\">\n\t\t\t\t\t\t\t\t\t<p>W naszej ofercie znajdziesz wiele rodzaj\u00f3w pieczywa: od bu\u0142ki do kebaba &#8216;na grubym&#8217;, przez r\u00f3\u017cne rozmiary pity, a\u017c po tortille, zwane\u00a0r\u00f3wnie\u017c lava\u015f<\/p>\t\t\t\t\t\t\t\t<\/div>\n\t\t\t\t<\/div>\n\t\t\t\t\t<\/div>\n\t\t<\/div>\n\t\t\t\t<div class=\"elementor-column elementor-col-50 elementor-top-column elementor-element elementor-element-77b13774\" data-id=\"77b13774\" data-element_type=\"column\" data-e-type=\"column\">\n\t\t\t<div class=\"elementor-widget-wrap elementor-element-populated\">\n\t\t\t\t\t\t<div class=\"elementor-element elementor-element-47fb8d86 elementor-widget elementor-widget-heading\" data-id=\"47fb8d86\" data-element_type=\"widget\" data-e-type=\"widget\" data-widget_type=\"heading.default\">\n\t\t\t\t<div class=\"elementor-widget-container\">\n\t\t\t\t\t<h4 class=\"elementor-heading-title elementor-size-default\">Sosy<\/h4>\t\t\t\t<\/div>\n\t\t\t\t<\/div>\n\t\t\t\t<div class=\"elementor-element elementor-element-41748c78 elementor-widget elementor-widget-text-editor\" data-id=\"41748c78\" data-element_type=\"widget\" data-e-type=\"widget\" data-widget_type=\"text-editor.default\">\n\t\t\t\t<div class=\"elementor-widget-container\">\n\t\t\t\t\t\t\t\t\t<p>Robisz w\u0142asny sos na bazie majonezu, jogurtu, mleka, przypraw, albo pomidor\u00f3w,&nbsp;ketchupu, czy sambala? Chylimy czo\u0142a!&nbsp;Wiemy, \u017ce&nbsp;nie lada wyzwaniem jest znalezienie odpowiednich sk\u0142adnik\u00f3w i przypraw, a nie mniejszym &#8211;&nbsp;utrzymywanie powtarzalno\u015bci tego doskona\u0142ego smaku. Posiadamy w swojej ofercie odpowiednie produkty bazowe: smaczne, wydajne, sprawdzone, niezmienne jako\u015bciowo.<\/p>\n<p><\/p>\n<p>W naszej ofercie s\u0105 r\u00f3wnie\u017c gotowe sosy do kebaba marki FOLWARK. To bardzo dobre rozwi\u0105zanie, kiedy potrzebujesz \u015bwietnego smaku, doskona\u0142ej powtarzalno\u015bci, d\u0142ugiego terminu przydatno\u015bci, lub po prostu z jakiego\u015b powodu nie chcesz lub nie mo\u017cesz robi\u0107 sos\u00f3w we w\u0142asnym zakresie<\/p>\t\t\t\t\t\t\t\t<\/div>\n\t\t\t\t<\/div>\n\t\t\t\t\t<\/div>\n\t\t<\/div>\n\t\t\t\t\t<\/div>\n\t\t<\/section>\n\t\t\t\t<section class=\"elementor-section elementor-top-section elementor-element elementor-element-3dccd17a elementor-section-content-middle elementor-section-boxed elementor-section-height-default elementor-section-height-default\" data-id=\"3dccd17a\" data-element_type=\"section\" data-e-type=\"section\" data-settings=\"{&quot;background_background&quot;:&quot;classic&quot;}\">\n\t\t\t\t\t\t<div class=\"elementor-container elementor-column-gap-default\">\n\t\t\t\t\t<div class=\"elementor-column elementor-col-100 elementor-top-column elementor-element elementor-element-6914d10c\" data-id=\"6914d10c\" data-element_type=\"column\" data-e-type=\"column\">\n\t\t\t<div class=\"elementor-widget-wrap elementor-element-populated\">\n\t\t\t\t\t\t<div class=\"elementor-element elementor-element-71af753c elementor-widget elementor-widget-heading\" data-id=\"71af753c\" data-element_type=\"widget\" data-e-type=\"widget\" data-widget_type=\"heading.default\">\n\t\t\t\t<div class=\"elementor-widget-container\">\n\t\t\t\t\t<h2 class=\"elementor-heading-title elementor-size-default\">Porozmawiajmy<\/h2>\t\t\t\t<\/div>\n\t\t\t\t<\/div>\n\t\t\t\t<div class=\"elementor-element elementor-element-85e0088 elementor-widget elementor-widget-text-editor\" data-id=\"85e0088\" data-element_type=\"widget\" data-e-type=\"widget\" data-widget_type=\"text-editor.default\">\n\t\t\t\t<div class=\"elementor-widget-container\">\n\t\t\t\t\t\t\t\t\t<p>Masz pytania? Zawsze jeste\u015bmy gotowi do otwartej rozmowy o Twoim biznesie, nowych pomys\u0142ach, ciekawych projektach i o tym jak mo\u017cemy Ci pom\u00f3c je zrealizowa\u0107<\/p>\t\t\t\t\t\t\t\t<\/div>\n\t\t\t\t<\/div>\n\t\t\t\t<div class=\"elementor-element elementor-element-7eb1d8ae elementor-align-center elementor-widget elementor-widget-button\" data-id=\"7eb1d8ae\" data-element_type=\"widget\" data-e-type=\"widget\" data-widget_type=\"button.default\">\n\t\t\t\t<div class=\"elementor-widget-container\">\n\t\t\t\t\t\t\t\t\t<div class=\"elementor-button-wrapper\">\n\t\t\t\t\t<a class=\"elementor-button elementor-button-link elementor-size-sm elementor-animation-buzz-out\" href=\"https:\/\/www.hurtowniasupport.pl\/?page_id=16\">\n\t\t\t\t\t\t<span class=\"elementor-button-content-wrapper\">\n\t\t\t\t\t\t\t\t\t<span class=\"elementor-button-text\">Skontaktuj si\u0119 z nami<\/span>\n\t\t\t\t\t<\/span>\n\t\t\t\t\t<\/a>\n\t\t\t\t<\/div>\n\t\t\t\t\t\t\t\t<\/div>\n\t\t\t\t<\/div>\n\t\t\t\t\t<\/div>\n\t\t<\/div>\n\t\t\t\t\t<\/div>\n\t\t<\/section>\n\t\t\t\t<\/div>\n\t\t","protected":false},"excerpt":{"rendered":"<p>DO KEBABA Mi\u0119so kebab Opiekasz mi\u0119so na palniku? Kupujesz je w belkach,\u00a0kokonach,\u00a0na kiju?\u00a0 \u00a0 Jakby\u015b ich nie nazywa\u0142, mamy je w ofercie: od 5 do 50 kg! \u00a0 Znajdziesz u nas mi\u0119so kebab z kurczaka (udo, filet, udo z filetem), wo\u0142owo-indycze, wo\u0142owo-baranie i inne. \u00a0 U\u017cywasz mi\u0119sa do kebaba sporadycznie, lub brakuje Ci miejsca na &hellip;<\/p>\n<p class=\"read-more\"> <a class=\"\" href=\"https:\/\/www.hurtowniasupport.pl\/?page_id=2173\"> <span class=\"screen-reader-text\">Do kebaba<\/span> Read More &raquo;<\/a><\/p>\n","protected":false},"author":1,"featured_media":0,"parent":0,"menu_order":0,"comment_status":"closed","ping_status":"closed","template":"","meta":{"site-sidebar-layout":"no-sidebar","site-content-layout":"page-builder","ast-global-header-display":"","ast-main-header-display":"","ast-hfb-above-header-display":"","ast-hfb-below-header-display":"","ast-hfb-mobile-header-display":"","site-post-title":"disabled","ast-breadcrumbs-content":"","ast-featured-img":"disabled","footer-sml-layout":"disabled","theme-transparent-header-meta":"enabled","adv-header-id-meta":"","stick-header-meta":"","header-above-stick-meta":"","header-main-stick-meta":"","header-below-stick-meta":"","footnotes":""},"class_list":["post-2173","page","type-page","status-publish","hentry"],"_links":{"self":[{"href":"https:\/\/www.hurtowniasupport.pl\/index.php?rest_route=\/wp\/v2\/pages\/2173","targetHints":{"allow":["GET"]}}],"collection":[{"href":"https:\/\/www.hurtowniasupport.pl\/index.php?rest_route=\/wp\/v2\/pages"}],"about":[{"href":"https:\/\/www.hurtowniasupport.pl\/index.php?rest_route=\/wp\/v2\/types\/page"}],"author":[{"embeddable":true,"href":"https:\/\/www.hurtowniasupport.pl\/index.php?rest_route=\/wp\/v2\/users\/1"}],"replies":[{"embeddable":true,"href":"https:\/\/www.hurtowniasupport.pl\/index.php?rest_route=%2Fwp%2Fv2%2Fcomments&post=2173"}],"version-history":[{"count":60,"href":"https:\/\/www.hurtowniasupport.pl\/index.php?rest_route=\/wp\/v2\/pages\/2173\/revisions"}],"predecessor-version":[{"id":3742,"href":"https:\/\/www.hurtowniasupport.pl\/index.php?rest_route=\/wp\/v2\/pages\/2173\/revisions\/3742"}],"wp:attachment":[{"href":"https:\/\/www.hurtowniasupport.pl\/index.php?rest_route=%2Fwp%2Fv2%2Fmedia&parent=2173"}],"curies":[{"name":"wp","href":"https:\/\/api.w.org\/{rel}","templated":true}]}}